pose 2*f - 55 = -y + 5*f, 275 = 5*y + f. What is the hundreds digit of (-1182)/(((-11)/y)/((-2)/(-15)))?
7
Let j = 240 - 226. Let s(z) = 6 + 8 + 5*z + 1 + 2*z. What is the hundreds digit of s(j)?
1
Let l be (6/21)/((-3)/(-21)). Suppose r + 0*r - l = 0. Suppose 28 = q + 2*p, 4 = r*q + 5*p - 48. What is the tens digit of q?
3
What is the thousands digit of 1534/(-104) + 15 - (-3)/((-36)/(-437637))?
6
Suppose 3*p - 27262 = -t, -5*p - 28913 = -4*t - 74378. What is the units digit of p?
9
Let a(c) = 13*c**3 - c**2 - 3*c + 1. Let u = 38 - 36. Let o be a(u). Let i = o - 42. What is the tens digit of i?
5
Suppose -780*l = 4*d - 783*l - 16560, l = -5*d + 20681. What is the hundreds digit of d?
1
Let z(y) = -3 + 6*y**2 - 2 + 2*y + 2 - 5*y**2. Let g be z(-2). What is the tens digit of (g - (-3)/(-9))/((-2)/24)?
4
Let q(i) = 72*i**2 + 46*i - 213. What is the hundreds digit of q(-17)?
8
Suppose -2*u + 2234 = -4*m, -5*m + 2*u - 3*u - 2810 = 0. Let r = -215 - m. What is the tens digit of r?
4
What is the hundreds digit of 1*-544*(-17 + 66/(-12)) + -3?
2
Suppose -7 = -10*c + 23. Suppose 4*t + 5*j = 50 + 60, -3*t + c*j + 96 = 0. Let w = -4 + t. What is the tens digit of w?
2
Suppose -63*u = -0*u - 1323. Let w be 2/(-5) + (-994)/(-10). Let d = w + u. What is the units digit of d?
0
Suppose 9 + 16 = 5*s. Suppose s*u - 29 + 24 = 0. What is the tens digit of (5 - 2)*u + 30?
3
Let w(t) = 318*t**2 + 174*t - 157. What is the hundreds digit of w(13)?
8
Let q = 561 - 1076. Let a = q - -544. What is the tens digit of a?
2
Suppose -1673 = 9*o + 1162. Suppose r - 183 = i - 40, 0 = 2*r - 8. Let k = i - o. What is the hundreds digit of k?
1
Let j(a) = a**2 - 9*a - 50. Let s be j(13). Suppose 5*z = 2*q - q + 2025, -3*z + 1202 = s*q. What is the hundreds digit of z?
4
Let h be (-7078)/(-7) - -6*1/(-42). Let i = 1427 - h. What is the hundreds digit of i?
4
Suppose -1497 - 46284 - 29425 = -2*z. What is the tens digit of z?
0
Let j = 92 + -30. Let k(f) = -31 - 4*f**2 - f - 4*f**3 + j - 32 + f**2. What is the tens digit of k(-2)?
2
Suppose -3*a = 3*t - 15357, -19*a + 22*a + 2*t - 15353 = 0. What is the units digit of a?
5
Suppose -2*v - r + 1 = -4, 2*v - 8 = 2*r. Let h be (-16)/(-2) - v - (2 + 0). Suppose -h*n + 0 = -240. What is the units digit of n?
0
Let c(b) = b**2 + 6*b + 2794. What is the thousands digit of c(-52)?
5
Suppose 0 = b - 5*n - 2105, 0 = -b - 2*n + 2278 - 138. What is the tens digit of b?
3
Let z(n) = 165*n - 1207. What is the units digit of z(50)?
3
Suppose -38*r = -154*r + 1234936. What is the hundreds digit of r?
6
Let z = -28 + 33. Suppose 878 = 4*d - 2*o, -o = -z*o - 12. Suppose -i - d = -3*i - 4*w, -i = -2*w - 121. What is the tens digit of i?
1
Let w(v) = 19*v**2 + 86*v - 167. What is the units digit of w(17)?
6
Let b(j) be the first derivative of -j**4/2 + 4*j**3/3 - 10*j**2 + 8*j - 10. What is the tens digit of b(-6)?
0
Let v(a) be the third derivative of 19*a**5/60 + a**4/24 + 3*a**3/2 - 10*a**2. Let s be v(-3). Suppose -4*z + z = -s. What is the units digit of z?
9
Suppose 29*r = 28*r + 4. Let j be r/((-4)/5)*-1. Suppose -j*u = a - 63, 3*u - 4*a = -6 + 53. What is the units digit of u?
3
Suppose 0*n + 2*w = -4*n - 2, n + 4*w - 3 = 0. Let z be 6 + 344/n + -4 + 0. Let r = -142 - z. What is the units digit of r?
0
Let a = 6 + -14. Let r(q) = -q**3 - 9*q**2 - 6*q + 16. Let n be r(a). Suppose -3*d = -p - 107, n*d - p = -2*d + 72. What is the tens digit of d?
3
Let y(m) = 178*m - 1671. What is the hundreds digit of y(31)?
8
Let q(u) = -2996*u - 559. What is the tens digit of q(-7)?
1
Let y(k) = -2*k**3 - 7*k**2 + 10*k + 29. Let g be (20/(-3))/((-30)/(-45)). What is the units digit of y(g)?
9
Suppose z = -3*c + 142428, 5*c - 4*z - 103799 - 133547 = 0. What is the thousands digit of c?
7
Let v be 5/(225/10) + (-33200)/(-45). Suppose -194 - 1274 = -4*o - 4*g, -v = -2*o - 4*g. What is the hundreds digit of o?
3
Suppose 17168 = -56*a + 31*a + 277418. What is the units digit of a?
0
Let p(c) be the first derivative of c**6/45 + c**5/30 + 5*c**4/24 - 4*c**3 + 21. Let t(y) be the third derivative of p(y). What is the tens digit of t(-2)?
2
What is the ten thousands digit of (-48)/(7 - (376304/57246 + (-6)/(-14)))?
2
Let x(i) = -1113*i**3 + 2*i**2 + 2*i + 4. What is the hundreds digit of x(-2)?
9
Suppose 12*i + 3528 = 4968. Let w(x) = 7*x + 7. Let d be w(7). Let t = i - d. What is the tens digit of t?
6
Let c = 154 - 280. Suppose 6870 = 34*o + 138. Let f = o + c. What is the units digit of f?
2
Let o = 208 - 211. What is the units digit of (-6)/(-27)*(33 - o)?
8
Suppose -5998 - 4864 = -f - 2*r, f - 10827 = 5*r. What is the hundreds digit of f?
8
Suppose -2*s + 4 = 2*h, 4*s + 5*h = 5 + 1. Let q be (43 - s)/3 + -3. What is the units digit of 1 + (81/15 - 4/q)?
6
Suppose 3*k + 5*i - 861 = 0, 5*k + 4*i + 834 = 8*k. What is the hundreds digit of (k/7)/(2/28)?
5
Suppose -3*r + 40 = 5*c - 5*r, -2*r = 10. Suppose 2616 = 2*s + c*s. What is the tens digit of 2 - 1 - (-6)/(18/s)?
1
Suppose -5*j + 195792 = -3*d - 29958, 3*j - d - 135446 = 0. What is the tens digit of j?
4
Let a = -110 + 112. Suppose -a*w - 4 = 6. What is the units digit of 256/(-10)*w/2?
4
Suppose -d - 14 = -2*d. Let x be (-22)/(-8) - 0 - (-46)/184. What is the tens digit of d - (x + -1 + 1 + -1)?
1
Let p(a) = 11*a - 351. Let k be p(0). Let j = k - -720. What is the tens digit of j?
6
Let d be 3/(-3) + 286 + -1. Let g be ((-168)/(-16))/(-3) + (6 - (-51)/(-6)). What is the tens digit of -2 + d/(g/(-3))?
4
Let n(t) = t - 1. Let l(a) = -15*a - 63. Let w(f) = l(f) + 4*n(f). Let c be w(-6). What is the tens digit of -1*4 + (1 - 230)/c?
2
Let c = -67 + 71. What is the tens digit of (-77)/(1/8 + c/(-16))?
1
Let u = 33601 - -13186. What is the tens digit of u?
8
Let i be (2/((-20)/(-6)))/(17/17935). Suppose b + 4*b + 4*t - i = 0, 2*t = 3*b - 371. Suppose -4*o - 1 = -m - 106, -b = -4*o + 5*m. What is the tens digit of o?
2
What is the tens digit of (-2)/2*(-12465 - -14)?
5
Suppose 0 = 5*w - 10, 3*i - 413 - 539 = -2*w. Let n be (3260/25 - 0) + (-6)/(-10). Let c = i - n. What is the units digit of c?
5
Suppose -201*b - 34764 = -g - 206*b, 0 = -2*g - b + 69519. What is the tens digit of g?
5
Let x(h) be the second derivative of h**4/4 - 19*h**3/2 + 4*h**2 - 4*h + 3. What is the hundreds digit of x(23)?
2
Let f(x) be the third derivative of x**5/6 - 3*x**4/8 + 8*x**3/3 - 2*x**2. Let j be 4/26 - (-1700)/442. What is the units digit of f(j)?
0
Let y = 231 - 228. What is the hundreds digit of (-33706)/(-95) - -2*y/30?
3
Let r = 852 - -52. Suppose -4*f - 5*q = -8*q - r, 0 = -f + 3*q + 235. Suppose 7*i - 1268 = f. What is the units digit of i?
3
Let l be -6*(4 + 21/(-9)). Let r be 54/7 + (0 - l/35). Let z(x) = 2*x**2 - 10*x + 13. What is the units digit of z(r)?
1
Suppose -5*p = 5*n - n, 0 = 2*p + 5*n. Suppose p = 18*w + 142 - 13426. What is the hundreds digit of w?
7
Suppose -13*v + 54 = -4*v. Let t(b) = 1 - 9 + 9*b + 1 - b**2 + b. What is the units digit of t(v)?
7
Suppose 5*h - 40 = -f + 137, -5*f = 5*h - 185. Let o = h - -12. What is the units digit of o?
7
Let t(x) be the second derivative of 13*x**3/6 + 18*x**2 - 39*x. Let o be t(3). Suppose o = b - 4*g, -b = 3*b + g - 215. What is the units digit of b?
5
Let q(r) = 4*r - 29. Let y be q(8). Suppose 3*o + y*s - 9 = 0, 0 = -5*o - 2*s - 2*s + 15. Suppose 0 = -o*p + 6*p - 156. What is the units digit of p?
2
Let a(f) = f**3 - 3*f**2 - 6*f + 7. Let p be a(2). What is the hundreds digit of 862098/1431 - (5/p - -1)?
6
Suppose 0 = -2*o - 2*o + 3*h - 88, 4*o - 2*h + 92 = 0. Let b = 25 + o. Suppose 2*r + 0*r - 137 = -3*p, 2*r - p - 149 = b. What is the tens digit of r?
7
Let q = 329 - -4163. What is the units digit of q?
2
Suppose 80*l = 82*l - 3066. What is the thousands digit of l?
1
Let o(z) = -3*z**3 - 8*z**2 + 9*z + 6. Let g(h) = -3*h**3 - 7*h**2 + 8*h + 5. Let v(t) = -7*g(t) + 6*o(t). Let y = 253 + -251. What is the tens digit of v(y)?
2
What is the thousands digit of -3 - (-154)/49 - ((-120594)/14 + -4)?
8
Let s = 81 - 151. Let o = s - -160. What is the tens digit of o?
9
Let l(h) = -h**3 + 114*h**2 + 15*h - 1145. What is the hundreds digit of l(114)?
5
Suppose -9*k - 27 = 0, -29157 - 13924 = -j - 3*k. What is the ten thousands digit of j?
4
Let w(p) = 3*p**2 + 3*p + 3. L